7839 is divided by 132.
131
What is the remainder when 1269470 is divided by 244?
182
Calculate the remainder when 33801437 is divided by 344.
341
Calculate the remainder when 198816 is divided by 181.
78
What is the remainder when 160432350 is divided by 13001?
10
What is the remainder when 214768 is divided by 107307?
154
What is the remainder when 462062845 is divided by 1664?
1661
What is the remainder when 12082 is divided by 733?
354
Calculate the remainder when 5015376 is divided by 4204.
4
What is the remainder when 1644850 is divided by 6138?
6004
Calculate the remainder when 309105 is divided by 154544.
17
What is the remainder when 104355 is divided by 2214?
297
Calculate the remainder when 2229394 is divided by 278635.
314
Calculate the remainder when 704218 is divided by 100572.
214
What is the remainder when 2267847 is divided by 1133832?
183
Calculate the remainder when 173635 is divided by 145.
70
Calculate the remainder when 1204117 is divided by 497.
383
Calculate the remainder when 726889 is divided by 66064.
185
Calculate the remainder when 196878 is divided by 9857.
9595
What is the remainder when 1534204 is divided by 832?
828
What is the remainder when 1594969 is divided by 86?
13
Calculate the remainder when 106009 is divided by 1070.
79
What is the remainder when 229847 is divided by 5891?
98
Calculate the remainder when 341795 is divided by 2218.
223
Calculate the remainder when 55206 is divided by 605.
151
Calculate the remainder when 5714630 is divided by 77.
75
What is the remainder when 1876281 is divided by 20174?
99
Calculate the remainder when 346549 is divided by 5170.
159
What is the remainder when 287316845 is divided by 18?
17
Calculate the remainder when 3241663 is divided by 3241653.
10
Calculate the remainder when 239239 is divided by 47840.
39
What is the remainder when 99615456 is divided by 7706?
7700
What is the remainder when 134426542 is divided by 34?
28
Calculate the remainder when 45376013 is divided by 634.
633
Calculate the remainder when 564876 is divided by 563909.
967
What is the remainder when 44735 is divided by 6390?
5
What is the remainder when 531015 is divided by 6?
3
Calculate the remainder when 26760122 is divided by 21.
11
Calculate the remainder when 41731773 is divided by 5468.
5465
What is the remainder when 55050117 is divided by 100?
17
What is the remainder when 9031238 is divided by 34?
22
What is the remainder when 27444 is divided by 5213?
1379
What is the remainder when 1636824 is divided by 71?
61
Calculate the remainder when 288717 is divided by 72070.
437
What is the remainder when 63550 is divided by 1014?
682
What is the remainder when 1048819 is divided by 13276?
15
What is the remainder when 214907 is divided by 16526?
69
Calculate the remainder when 15040954 is divided by 2225.
2179
Calculate the remainder when 310849 is divided by 12952.
1
Calculate the remainder when 31275 is divided by 4588.
3747
Calculate the remainder when 1074980 is divided by 23367.
98
What is the remainder when 569011903 is divided by 3135?
3133
What is the remainder when 4986066 is divided by 654?
624
Calculate the remainder when 274500 is divided by 2034.
1944
What is the remainder when 1790537 is divided by 230?
217
What is the remainder when 161048 is divided by 1592?
256
Calculate the remainder when 38189235 is divided by 2180.
2175
What is the remainder when 2694082 is divided by 443?
199
What is the remainder when 18933388 is divided by 525927?
16
Calculate the remainder when 359273 is divided by 390.
83
What is the remainder when 2828277 is divided by 231?
144
Calculate the remainder when 1445080 is divided by 1445076.
4
What is the remainder when 1250030 is divided by 40323?
17
Calculate the remainder when 5298482 is divided by 313.
18
What is the remainder when 49148 is divided by 24489?
170
What is the remainder when 2367647 is divided by 425?
397
What is the remainder when 1892787 is divided by 280?
267
Calculate the remainder when 698873 is divided by 5383.
4466
Calculate the remainder when 1074402 is divided by 537141.
120
Calculate the remainder when 4397674 is divided by 562.
24
Calculate the remainder when 17386782 is divided by 136.
134
Calculate the remainder when 277873 is divided by 1971.
1933
What is the remainder when 3267930 is divided by 1089300?
30
Calculate the remainder when 1148285 is divided by 291.
290
What is the remainder when 144425 is divided by 348?
5
What is the remainder when 8590 is divided by 44?
10
Calculate the remainder when 1318970 is divided by 65944.
90
What is the remainder when 1653421 is divided by 330684?
1
Calculate the remainder when 460615 is divided by 20925.
265
What is the remainder when 6835 is divided by 3563?
3272
What is the remainder when 24252 is divided by 11485?
1282
What is the remainder when 1018113 is divided by 1188?
1185
What is the remainder when 806660 is divided by 201057?
2432
What is the remainder when 33544 is divided by 1755?
199
Calculate the remainder when 613871 is divided by 153465.
11
What is the remainder when 24291284 is divided by 1868560?
4
What is the remainder when 2129657 is divided by 188?
181
Calculate the remainder when 52524099 is divided by 13131013.
47
Calculate the remainder when 301442 is divided by 1987.
1405
What is the remainder when 4453738 is divided by 2271?
307
Calculate the remainder when 86262944 is divided by 124.
112
What is the remainder when 117985248 is divided by 6584?
6552
What is the remainder when 300898 is divided by 9762?
8038
What is the remainder when 31644888 is divided by 8332?
8284
Calculate the remainder when 55107 is divided by 1826.
327
Calculate the remainder when 14880 is divided by 7308.
264
What is the remainder when 1079427887 is divided by 737?
736
Calculate the remainder when 577719 is divided by 490.
9
What is the remainder when 627521501 is divided by 2535?
2531
What is the remainder when 14969380 is divided by 83?
81
Calculate the remainder when 31741963 is divided by 905.
898
Calculate the remainder when 413351 is divided by 137578.
617
Calculate the remainder when 2927535 is divided by 1879.
53
What is the remainder when 13927899 is divided by 3819?
6
What is the remainder when 306979361 is divided by 49?
45
What is the remainder when 53039096 is divided by 1343?
1340
What is the remainder when 408970 is divided by 40837?
600
What is the remainder when 69711291 is divided by 471?
465
Calculate the remainder when 25406630 is divided by 5046.
20
What is the remainder when 11872097 is divided by 1978681?
11
Calculate the remainder when 361450 is divided by 18.
10
Calculate the remainder when 2792877 is divided by 596.
21
Calculate the remainder when 3195234 is divided by 1597592.
50
Calculate the remainder when 211839 is divided by 68535.
6234
Calculate the remainder when 79869 is divided by 708.
573
Calculate the remainder when 8065339 is divided by 336.
331
What is the remainder when 66543447 is divided by 394?
393
Calculate the remainder when 137969 is divided by 8623.
1
Calculate the remainder when 474738 is divided by 1125.
1113
Calculate the remainder when 22272074 is divided by 179.
178
Calculate the remainder when 2941453 is divided by 54.
19
What is the remainder when 669443 is divided by 220?
203
What is the remainder when 51519 is divided by 9661?
3214
What is the remainder when 650204 is divided by 9559?
192
What is the remainder when 51506719 is divided by 608?
607
Calculate the remainder when 106885 is divided by 35237.
1174
What is the remainder when 300114 is divided by 14289?
45
What is the remainder when 4307580 is divided by 134611?
28
Calculate the remainder when 29853897 is divided by 16.
9
Calculate the remainder when 79918 is divided by 2893.
1807
Calculate the remainder when 12230203 is divided by 49.
48
What is the remainder when 68521 is divided by 2725?
396
Calculate the remainder when 15306000 is divided by 218657.
10
What is the remainder when 641818 is divided by 3822?
3544
Calculate the remainder when 2275731 is divided by 284464.
19
Calculate the remainder when 272062 is divided by 832.
830
Calculate the remainder when 3111191 is divided by 10996.
10319
What is the remainder when 56153 is divided by 3372?
2201
Calculate th